99 + 22 = 0, 4*a = s - 64. What is the greatest common factor of s and f?
20
Let s be 10/4 - 1/(-2). Suppose 4*i - 87 = -5*g, 0 = g + s*g + 2*i - 66. What is the highest common divisor of g and 5?
5
Suppose -7 - 8 = 3*w, -3*n = w - 16. Let z be 212/(-10) + 32/(-40) + 2. Let g be (1 + z/8)*-14. What is the greatest common factor of g and n?
7
Suppose -3*i + 3*s = -7*i - 649, i + s + 161 = 0. Let d = -47 - i. Let m be (-1)/2 - (3 - (-41)/(-2)). Calculate the highest common factor of m and d.
17
Let q = 44 - 17. Let i(b) = -b**3 - 8*b**3 + 1 + b**3. Let l be i(-1). What is the highest common divisor of q and l?
9
Suppose -v = 9*j - 12*j - 696, -2864 = -4*v - 4*j. What is the greatest common factor of v and 9?
9
Suppose -46*s + 2685 = -4767. What is the greatest common factor of s and 2?
2
Suppose 480 = -11*q + 12*q. Calculate the highest common divisor of q and 144.
48
Let y(m) be the third derivative of -m**5/60 + 7*m**4/12 - m**3/2 + 7*m**2. Let q be y(13). What is the highest common factor of 10 and q?
10
Let q be (-8)/((1/18)/((-5)/20)). What is the highest common divisor of 81 and q?
9
Let h be 3*(-3 + 79 - -3). Let v = h - 30. Calculate the greatest common factor of v and 23.
23
Let z(y) = -4*y. Let d be z(-9). Let o = d - 4. Calculate the greatest common divisor of o and 16.
16
Suppose 5*i = 3*i + 34. Let o = i - -23. Calculate the highest common divisor of o and 10.
10
Let v be (-6)/(-4) + (-33)/(-2). Suppose 0 = 20*x + 75*x - 6840. Calculate the greatest common divisor of v and x.
18
Let w = -17 - -25. Let h be (-4 + w - 1) + 453. Suppose -h = -4*l + l. Calculate the greatest common factor of 19 and l.
19
Let u be ((13 - 4) + -7)*7. What is the greatest common divisor of u and 14?
14
Suppose 0*c = 3*c + g + 6, -c + g = 2. Let u be (-1)/(c - (-33)/18). Let h be (0 + (-15 - 0))*-1. What is the highest common factor of h and u?
3
Suppose -1 = 3*s + 2, 3*w - 2*s - 167 = 0. Let y = -8 - -5. Let t(u) = -8*u - 2. Let r be t(y). What is the greatest common divisor of w and r?
11
Let f(c) = 3*c - 12. Let v be f(5). Suppose 64*b - 10 = 59*b. Calculate the highest common divisor of b and v.
1
Suppose 0 = -11*d + 3897 - 1279. What is the greatest common divisor of 102 and d?
34
Suppose 5*t - 2*l - 2 = 0, -25 = -5*t - 3*l - 3. Suppose -t*s = -17 - 1. What is the highest common divisor of s and 45?
9
Let a(y) = -17*y - 4. Let b be a(-6). Let q = -142 + 156. Calculate the highest common factor of q and b.
14
Suppose 0 = 30*p - 27*p - 1380. Let l = -298 + p. Let q be 0 - (18*-1 + 0). What is the greatest common factor of l and q?
18
Let d = -912 + 1192. What is the greatest common factor of 80 and d?
40
Suppose 3*c + 11 = j, -4*j - 4*c + 77 = 17. Calculate the greatest common factor of j and 294.
14
Let k(x) = -x + 5. Let b be k(-7). Let d = 34 + -34. Suppose d = -l + b - 3. What is the greatest common factor of l and 45?
9
Suppose -19*b - 5497 = -15624. What is the greatest common factor of b and 13?
13
Let i(f) = f**3 - 7*f**2 - 7*f - 7. Let k be i(12). What is the greatest common divisor of k and 37?
37
Let c be 6/(-18)*7*-138. What is the highest common factor of c and 14?
14
Let p be ((-33)/(-22))/((-9)/(-12)). Calculate the greatest common divisor of 24 and p.
2
Let v(y) = 3*y**2 + 8*y - 3. Let o be v(2). What is the greatest common factor of 120 and o?
5
Let j = 670 + -661. What is the greatest common factor of j and 36?
9
Let k = 358 - 149. What is the highest common divisor of k and 44?
11
Let a(s) = 3*s**2 - 2*s + 2. Suppose 5 = -3*u - 1. Let r be a(u). What is the highest common factor of 12 and r?
6
Suppose 0 = 3*r - 8*r + 50. Suppose -4*m + r = m. Let v be (-280)/(-50)*(-260)/(-91). What is the greatest common divisor of v and m?
2
Let v(m) = -m**2 + 14*m - 37. Let u be v(5). Calculate the greatest common divisor of u and 136.
8
Suppose 35*h = 29*h + 300. Calculate the greatest common divisor of h and 175.
25
Let g(r) = 26*r**2 + 3*r + 13. Let h be g(-6). What is the highest common divisor of h and 19?
19
Suppose -d + 0*n = 4*n - 6, 13 = 5*d + 3*n. Let c = -41 - -46. Suppose c*j = 8*j - 6. Calculate the highest common factor of d and j.
2
Suppose -12 = -3*z - z. Suppose -z*c - 1 = -i, -4*i - 11 = 3*c - 0*c. Let k = c - -19. Calculate the greatest common factor of k and 90.
18
Suppose -7*n - 5504 = -23*n. What is the greatest common factor of 8 and n?
8
Let z be (-6 - 38/4)/((-2)/8). Suppose l - 44 = -4*r + 5*l, -5*l = 4*r - z. What is the greatest common factor of r and 143?
13
Let u be (1/(-2))/((-10)/220). Let j be (21/12)/((-1)/(-44)). Calculate the highest common divisor of j and u.
11
Suppose 0 = 2*k - 8 - 2. Let o(y) = -10*y - 1. Let v be o(4). Let q = -1 - v. What is the highest common factor of k and q?
5
Suppose 0 = 3*n - 4*n + 8. Let z be 42 - 2 - n/2. Let v be 35/(-10)*z/(-7). What is the greatest common divisor of v and 12?
6
Let p(u) = -u**3 - 4*u**2 - 3*u + 4. Let b be p(-3). Suppose b*x - 185 = 475. What is the greatest common divisor of x and 33?
33
Let y = 7 - 4. Suppose -y*a = -4*a + 2*z + 5, 4*a - 29 = -z. Let x be (-3)/(-9) - (-280)/24 - 5. What is the greatest common divisor of x and a?
7
Suppose 1292 + 3388 = 26*i. Calculate the highest common factor of 108 and i.
36
Let u = 4 - -15. Let x be (-20 + u)/(1/(-14)). Calculate the highest common factor of 14 and x.
14
Let k = -21 - -21. Suppose 3*s = q - 1 + 4, -3*s + 9 = k. What is the greatest common factor of 15 and q?
3
Suppose 688 = 9*j - 68. Calculate the greatest common divisor of j and 96.
12
Suppose -5*s + 177 + 143 = 0. What is the highest common divisor of s and 256?
64
Suppose 3*j - 4*w - 59 = 0, -22*j + 5*w - 1 = -24*j. Let g(o) = -64*o**3 + 2*o**2 + o. Let d be g(-1). What is the highest common divisor of j and d?
13
Suppose p + n - 22 = -3*n, -105 = -4*p + n. Let u = p - 12. Calculate the highest common factor of u and 70.
14
Let l be (-2)/(-8) - ((-64125)/(-36))/(-19). What is the highest common divisor of 987 and l?
47
Let n(k) = -3*k - 5 - 3*k + 3*k. Let z be n(-5). Suppose 75 = z*y - 5*y. Calculate the highest common divisor of y and 6.
3
Let h = 14 + 22. Let n(t) = t**3 + 7*t**2 + 10*t. Let q be n(-4). Calculate the highest common divisor of h and q.
4
Let s(c) = c**2 + 5*c + 4. Let m be s(8). What is the highest common factor of m and 8?
4
Let k(w) = w**2 - w + 14. Let c be k(0). Let h be (13 - c)/((-2)/14). Calculate the highest common divisor of 7 and h.
7
Let j(n) be the first derivative of -3*n**2 + 14*n - 10. Let y be j(-7). Calculate the greatest common divisor of y and 8.
8
Let w(u) = 12*u**3 - 25*u**2 - 7*u - 8. Let i be w(7). Calculate the greatest common factor of i and 13.
13
Suppose 2*b - 95 = -5*u, -3*u + 2*u + 145 = 4*b. Calculate the greatest common divisor of 315 and b.
35
Let j = 1085 - 1052. Calculate the greatest common factor of j and 12.
3
Let s be (-48)/9 - 12/18. Let w be (s/(-4))/((-24)/(-128)). Suppose 63 = 4*d + 3*l - 225, 0 = -5*d - 2*l + 360. What is the greatest common divisor of d and w?
8
Let k(q) = q**3 + 7*q**2 + 4*q - 10. Let w be k(-6). Suppose 51 = 3*u - f, -3*u - w*u = 2*f - 96. Calculate the highest common factor of 144 and u.
18
Let b be (-121)/143 - 2/13. Let u be 24/(1 - b/(-2)). Let t be 48*((-27)/6)/(-3). Calculate the greatest common factor of t and u.
24
Let s be (5 - 1 - 6) + 94. Suppose y + 4*y + a - 115 = 0, y - 4*a = 23. Calculate the highest common factor of s and y.
23
Let q = 119 - 64. Let f be 10/q - 119/(-11). Let x(a) = -a**3 + 4*a**2 + 17*a - 19. Let o be x(6). What is the highest common factor of o and f?
11
Suppose 0 = 2*a - 312 - 744. Calculate the highest common divisor of 48 and a.
48
Let m be ((-3)/(-9))/(((-2)/(26 + 10))/(-1)). Let h(u) = -6*u. Let x be h(-1). What is the highest common divisor of m and x?
6
Let f be (4/(-9) + 60/(-270))*-12. What is the highest common divisor of 4 and f?
4
Let b(j) = -10*j + 117. Let i(n) = 15*n - 175. Let q(g) = -7*b(g) - 5*i(g). Let a be q(9). Calculate the highest common divisor of 77 and a.
11
Let w be 2375/70 + (75/70 - 5 - -4). Let j = -89 - -208. What is the highest common factor of w and j?
17
Let f be (180 + -210)*(-10)/6. Calculate the greatest common factor of f and 10.
10
Let c be (-3 + 0)*(-5 + 4). Suppose 103 = 5*h + 3*p, 2*h - c*h + 25 